ainder when d is divided by y.
18
Let r = 18 - -109. What is the remainder when r is divided by 32?
31
What is the remainder when 5 is divided by ((-2)/4)/(2/(-12))?
2
Let y = 7 - 5. Suppose y*p = -k + 16, 4 = p - 0*p. Calculate the remainder when 30 is divided by k.
6
Let l(x) = -7*x**2 - 33*x - 5. Let p(f) = 23*f - 2. What is the remainder when p(2) is divided by l(-4)?
14
Let v = 118 - 91. What is the remainder when v is divided by 5?
2
Let y = -16 + 29. Suppose 10*f + 15 = 55. What is the remainder when y is divided by f?
1
Let s = 474 - 330. Calculate the remainder when s is divided by 37.
33
Suppose 0 = 4*l + 4*r - 280, -r = -4*l + 155 + 120. Calculate the remainder when l is divided by 14.
13
Suppose 0 = -5*c + 59 + 36. Calculate the remainder when 56 is divided by c.
18
Suppose 0*r + 3*r = 3. Let f(q) = 1 + q + 3*q - q. Calculate the remainder when f(r) is divided by 2.
0
Let j(h) = h**2 + h. Let w be 4/(-14) + (-5)/7. Let o be j(w). What is the remainder when 8 is divided by -1 + 1 - (-3 - o)?
2
Let p(j) = -3*j**2 - 4*j. Let n(a) = -6*a**2 - 9*a. Let l(r) = 3*n(r) - 7*p(r). Suppose 3*k = k + 36. Calculate the remainder when k is divided by l(-2).
8
Suppose -d + 3 = -0*d + 2*v, v = 3*d - 9. Suppose -6 = -5*u - 2*x, -3*x = 2*x + 10. Suppose d = t + u. What is the remainder when 2 is divided by t?
0
Let x(t) = -t**2 - 9*t - 7. What is the remainder when 18 is divided by x(-7)?
4
Let d = -8 - -10. What is the remainder when 24 is divided by -6*1/d - -12?
6
Let j = 7 + 0. What is the remainder when 24/14*63/6 is divided by j?
4
Calculate the remainder when 30 is divided by 6/9 + (-155)/(-15).
8
Let u(y) = -4 + y - 5 + 6 + 8. Let s(v) = 2*v - 2. Calculate the remainder when u(0) is divided by s(3).
1
Suppose 5 = v + 14. Let n(h) = h**2 + 8*h + 9. Let o be n(v). Suppose -2*y + 2*g - 7*g = -48, -y - g + o = 0. What is the remainder when 26 is divided by y?
12
Let y(k) = 4*k + 3. Suppose 0*o + 18 = 2*o. Calculate the remainder when y(3) is divided by o.
6
Let d(o) = 12*o**2 + 2*o - 1. Let l be d(-2). Suppose 3*f = 4*f + 2, f = -5*j + l. Calculate the remainder when 29 is divided by (j/(-6))/(12/(-80)).
9
Let k = -3 - -22. Calculate the remainder when 30 is divided by k.
11
Let y(r) = -2*r + 2. Let f(o) = -o + 1. Let z(a) = 3*f(a) - 2*y(a). What is the remainder when 3 is divided by z(4)?
0
Let g = -39 + 72. Calculate the remainder when 64 is divided by g.
31
Calculate the remainder when (-3)/(-5)*260/4 is divided by 10.
9
Let x(g) = g**3 + g**2 - 6*g - 4. Let m be x(5). Suppose -4*o + m = -36. Calculate the remainder when o is divided by 10.
8
Let h = 286 + -163. Calculate the remainder when h is divided by 14.
11
Let b(a) = 14*a**2 - 2*a + 1. Let c be 2/10 - 88/40. What is the remainder when b(c) is divided by 16?
13
Let x(z) = z**3 - 19*z**2 - 13*z - 37. What is the remainder when x(20) is divided by 21?
19
Suppose -4*p - 2 = -22, -2*v - 5*p + 51 = 0. Calculate the remainder when 51 is divided by v.
12
Let c(a) = 4*a + 6. What is the remainder when c(7) is divided by (-8 + 3)*(-54)/15?
16
What is the remainder when (1 + 1*-59)*(-3)/6 is divided by 16?
13
Let v(w) = -w + 3. Let y(n) = n. Let k be y(2). Let c be v(k). Calculate the remainder when (-50 + (-3)/c)/(-1) is divided by 18.
17
Let y = 134 - 93. Let v = 8 - 5. Suppose -v*n + 67 = 25. Calculate the remainder when y is divided by n.
13
Let h be (-92)/16*1*4. Let z = h - -45. Suppose 0 = 4*x - 5*x + 8. What is the remainder when z is divided by x?
6
Let a = 14 - 6. Let p = 2 + a. What is the remainder when 1 + 1*(29 - 2) is divided by p?
8
Suppose 4*k = -d + 14, -3*d + 8*d - 93 = 3*k. Calculate the remainder when 33 is divided by d.
15
Let m(l) = l**2 - 7*l - 17. What is the remainder when m(-5) is divided by 10?
3
Let g(n) = n - 4. Suppose 0 = -4*s + 2*s + 10. Let x(m) = m**3 - 5*m**2 + 5*m - 3. What is the remainder when g(s) is divided by x(4)?
0
Suppose s - 3*s = -332. Let r = -107 + s. What is the remainder when r is divided by 12?
11
Suppose 5*t = -3*r - 74, 4*t - 9 - 11 = 0. Let h = r - -50. Calculate the remainder when 66 is divided by h.
15
Suppose 10*c + 183 = 3*j + 5*c, 0 = 5*j + 4*c - 268. Suppose -j = 2*i - 158. What is the remainder when i is divided by 13?
12
Suppose -m + 135 = 2*m. Suppose 3*s - 90 = m. Suppose -p = 2*p - s. Calculate the remainder when 44 is divided by p.
14
Suppose 0 = -3*y - 4*a + 316 + 343, a - 5 = 0. Calculate the remainder when y is divided by 27.
24
Let s(k) = 32*k - 2. Let n be s(-2). Let z(v) = -16*v - 78. What is the remainder when z(-8) is divided by n/(-5) + 1/(-5)?
11
Suppose -4*k + 3*x + 134 = -287, -3*k + 342 = 3*x. Calculate the remainder when k is divided by (8/(-10))/(3/(-105)).
25
Suppose 2*s + 0*s = -14. Let h = s - -16. Let r = h + 26. Calculate the remainder when r is divided by 12.
11
Let b = 16 + 6. Calculate the remainder when b is divided by (-2 + 10)*(-6)/(-4).
10
Let y(t) be the second derivative of 3*t**5/20 - t**4/6 + 2*t**3/3 - t**2 - t. Let q = -6 - -8. What is the remainder when y(q) is divided by 12?
10
Let k = -78 + 158. Suppose u - k = -3*u. Calculate the remainder when 58 is divided by u.
18
Suppose d - 2*d = 3*y - 245, -2*d - 150 = -2*y. Suppose -5*h - 192 = 23. Let u = y + h. Calculate the remainder when u is divided by 19.
18
Let p be (1*-3)/(12/(-32)). Calculate the remainder when 18 is divided by (-4)/(-2) - (0 - p).
8
Suppose 2*f + 3 = 3*f - m, -16 = -4*f + 3*m. Suppose -p + 5*t = -50, 2*p + 3*t - 25 = -2*t. What is the remainder when p is divided by f?
4
Suppose -5*v + 169 - 54 = 0. Let c be (1/(-3))/((-3)/(-9)). Let r = c + v. What is the remainder when r is divided by 12?
10
Let a(g) = -4*g - 6. What is the remainder when 8/(-2) - (88 + -4)/(-4) is divided by a(-4)?
7
Let i = 22 + -7. What is the remainder when 57 is divided by i?
12
Let q be 0 - ((-2 - 1) + 6). Let j = 13 + q. What is the remainder when j is divided by 3?
1
Let s be -3*(-20)/(-12)*-1. Suppose -4*d + 41 = 3*g + d, 3*d = -s*g + 95. Calculate the remainder when 65 is divided by g.
21
Suppose -5*p + 25 = 0, 12 = -4*y - 2*p + 38. Suppose y*k - 2*k = 10. Let m(c) = -c**2 + 13. What is the remainder when m(0) is divided by k?
3
Let k(l) = -3*l**2 + 1. Let f be k(-1). Let u = 3 - f. What is the remainder when 14 is divided by u?
4
Suppose 6*i - 141 + 39 = 0. What is the remainder when i is divided by 12?
5
Let i(n) = 8*n - 57. What is the remainder when i(13) is divided by 0 + (2 - 1)*16?
15
Suppose -92 - 115 = -3*t. Calculate the remainder when t is divided by 8.
5
Let c = -9 - -14. Suppose 5*m - 10 = -3*g - g, -c*g - 10 = -5*m. Suppose g = z - 5*k + 4, -3*z + 4*k = -10. What is the remainder when 17 is divided by z?
5
Let t = -8 + 19. Let m(r) = -7*r - 2. Let w be m(-2). Suppose 0 = 4*a + 5*f - 24, 0 = -a - a - f + w. What is the remainder when t is divided by a?
5
Let l(k) = -71*k + 1. Let n be l(-1). Let o = n + -102. What is the remainder when 5 is divided by (-3)/(o/8 + 3)?
1
Suppose 0 = 5*q - 0*q - 10. What is the remainder when 10 is divided by (-42)/(-9) + q/6?
0
Let p(g) = -g - 2*g + 7 + g + 3*g. What is the remainder when p(9) is divided by 9?
7
Calculate the remainder when -2 + (2 - (-137)/1) is divided by 35.
32
Suppose 19 = 5*t + 4. Suppose -a + t*a - 68 = 0. What is the remainder when a is divided by 12?
10
Let c = -33 + 53. What is the remainder when 57 is divided by c?
17
Let g = -5 + 0. Let f = 33 - 35. What is the remainder when 35 is divided by f/(-2) + (3 - g)?
8
Suppose 3*p - 8 = -p. Suppose p*x + 153 = 5*x. Calculate the remainder when x is divided by 13.
12
Let l(b) = -19*b + 1. Let j be (1/(-3))/((-3)/(-9)). Let u be l(j). Suppose -5*v = -5*o + 65, -3*v = -8*v - u. What is the remainder when 25 is divided by o?
7
Let l(g) = -3*g + 2*g + 41 - 3. Let v be 12/(-21) - (-20)/35. Calculate the remainder when l(v) is divided by 13.
12
Let v(u) = 9*u**2 + 3*u + 5. Calculate the remainder when v(-2) is divided by 9.
8
What is the remainder when (210/9)/((-2)/(-6)) is divided by (-2)/(-3) + (-104)/(-6)?
16
Suppose -c = 4*t - 53, 6*t - 3*c = 4*t + 23. Calculate the remainder when t is divided by 9.
4
Let d(o) = 27*o + 1. Calculate the remainder when d(3) is divided by 21.
19
Let v be ((-12)/(-27))/(8/36). Suppose 2*i - 12 = -v*i. C